 Suppose -3*d + b = -d. What is the tens digit of d?
2
Let f(u) = -u**2 - 12*u - 3. Let s be f(-10). Let j = -11 + s. Suppose -j + 14 = 4*p. What is the units digit of p?
2
What is the tens digit of 1492/6*15/10?
7
Let c(u) = 4*u**2 - 3*u - 2. Let m = -14 + 13. What is the units digit of c(m)?
5
Suppose -b = -4*w + 15, -3*b = 1 + 8. What is the units digit of 182/6 + (-1)/w?
0
Let q(w) = w**2 + w. Let y(k) = 2*k**2 + 9*k + 2. Let z(o) = -q(o) + y(o). Let t be (-9)/(-6) + (-21)/2. What is the tens digit of z(t)?
1
Let p(b) = b**3 + 2*b**2 - b + 256. What is the hundreds digit of p(0)?
2
Suppose 3*v = -3*r + 75, 2*v + 3*r = 4*v - 45. What is the units digit of v?
4
Let p(n) = n**2 - n + 5. Let z(c) = -c**2 + 3*c - 4. Let d be z(3). Let o be p(d). Suppose -o = -4*m + 15. What is the tens digit of m?
1
Suppose 0 = f + 4. Let p = f - -13. What is the units digit of p?
9
Let b be 2/3 + 132/18. Suppose 4*l = b*l. Let o = l + 6. What is the units digit of o?
6
Let i be (-18)/8*(-8)/3. Let y = i + 0. What is the units digit of y?
6
Let j be (0 - 2) + -1 + 0. Let h = 3 + j. Suppose -2*k + 8 - 2 = h. What is the units digit of k?
3
Let u = 1 + 0. Let h = u + 3. What is the units digit of h?
4
Let t be ((-16)/(-5))/(1/(-5)). Let a = t - -6. What is the units digit of (-60)/(-8)*(-8)/a?
6
Let k = -9 - -19. What is the tens digit of k?
1
Let s = -10 + 2. Let o(a) = -a**3 - a. Let m(v) = 5*v**3 - 8*v**2 + 6*v + 7. Let k(x) = m(x) + 6*o(x). What is the units digit of k(s)?
7
Let v be ((-3)/((-6)/20))/(-2). What is the units digit of (-4)/(-20) - 44/v?
9
Suppose -z = -8 - 9. What is the units digit of z?
7
Let m be 8/(-20) - 12/(-5). Suppose -2 = v, 0 = m*r + 2*v - 0*v. What is the units digit of r?
2
Suppose 5*w + 18 = 5*c - 3*c, -4*w - 13 = -3*c. Let r be ((-2)/w)/(1/2). Let p(k) = 7*k**2 - k. What is the units digit of p(r)?
6
Let n(u) = -u**3 - 4*u**2 + 7*u + 5. Let b be n(-5). Let i be 6 - 5/(b/(-3)). Suppose -m = -0*m - i. What is the units digit of m?
3
Let w = 244 - 129. What is the hundreds digit of w?
1
Suppose 0 = u + 3*u - 48. Let o = 24 - u. What is the units digit of o?
2
Let u be (-75)/(-7) - (-6)/21. Let o(n) = -n**2 + 11*n + 4. Let q be o(u). Suppose 0*h - 3*h = q*y - 24, -3*h - 5*y + 21 = 0. What is the units digit of h?
2
Let a = -12 - -12. Suppose -v + i + 6 = 2*i, -2*i = a. What is the units digit of v?
6
Suppose 0 = 4*g + 4*k - 100, -3*g + k - 53 = -5*g. What is the tens digit of g?
2
Let o(y) = 0*y + 4*y + 3 - 5 - 4*y**2. Let b be o(2). Let c = -8 - b. What is the units digit of c?
2
Let h(u) = -u**2 - 4*u + 3. Let n be h(-4). Suppose -5*y + 28 = 4*v, -4*v + 2*y = n*y - 12. Suppose 0*l + 10 = v*l. What is the units digit of l?
5
Let q be (3 - 102/4)*-2. Suppose -14*h = -9*h - q. What is the units digit of h?
9
Let q(d) = -67*d**3 + d**2 - 1. What is the units digit of q(-1)?
7
Suppose 0 = k - 5*v - 173, 198 = -5*k - 2*v + 1090. What is the tens digit of k?
7
Let k be (-15)/(-4) + (-5)/(-20). Suppose 4*j - 10 = 2*j. Suppose k*d - 24 = 4*a, j = 2*d - 3*a - 6. What is the units digit of d?
7
Suppose -2*z = 5*h - 39, 5*z + 4*h - h = 145. What is the tens digit of z?
3
Let m(t) = -t**3 + 10*t**2 - 6*t + 18. What is the tens digit of m(8)?
9
Let s(g) = -g**3 - 4*g**2 + 13*g - 3. What is the units digit of s(-7)?
3
Let x(i) = i**2 + 8*i - 2. Let t(f) = f**3 - 7*f + 2. Let s(r) = 4*t(r) + 3*x(r). What is the tens digit of s(2)?
3
Suppose 2*u - 222 = 66. What is the tens digit of u?
4
Let x(o) = o**3 - 3*o**2 + 4*o - 3. What is the units digit of x(3)?
9
Let m(n) = -n**3 + 3*n**2 + 4*n + 3. What is the units digit of m(4)?
3
Let a(b) = -2*b - 9. What is the units digit of a(-11)?
3
Let t(s) be the second derivative of s**4/12 + s**3/3 + 4*s**2 - 3*s. What is the tens digit of t(-6)?
3
Let p = 417 + -133. What is the tens digit of p?
8
Suppose 0 = -3*t + 147 + 135. What is the tens digit of t?
9
Let n(h) be the third derivative of 2*h**4/3 - 5*h**3/6 - 3*h**2. Let t be n(5). Suppose -65 = -3*u + 3*i - 8*i, 4*u - t = 5*i. What is the tens digit of u?
2
Let p(k) = -4*k**3 - k + 1. Let h be p(1). Let q be -3*(h + 0)*-1. Let l = -4 - q. What is the units digit of l?
8
Suppose 0 = 6*v - 73 - 1019. Suppose 5*b = v + 18. What is the units digit of b?
0
Let x(y) = -y + 4. Let l be x(4). Suppose -5 = 2*w - 3*w. Suppose l = -w*a - b + 22, -a + 19 = 4*a + 2*b. What is the units digit of a?
5
Suppose -4*w = -28 + 4. Let h(j) = -j**2 + 9*j - 8. What is the tens digit of h(w)?
1
Let y(u) = 4*u - 1. Let q be y(1). Suppose -o = -q*g - 3, -3*o + 2*g = -3*g - 17. What is the units digit of o?
9
Let h(p) = 3*p**3 - 3*p**2 - 2*p - 2. What is the tens digit of h(3)?
4
Suppose 2*n - 18 = -0*n - 4*k, -5*n + 4*k = -3. Suppose -n*l = l - 12. Suppose 33 = 3*i + i - t, 2*t = l*i - 26. What is the units digit of i?
8
Suppose 4*w = -0*w + d + 81, w = 5*d + 44. What is the units digit of w?
9
Let a(b) be the first derivative of -b**4/12 - 5*b**3/3 - 5*b**2 + 2*b - 1. Let v(j) be the first derivative of a(j). What is the units digit of v(-8)?
6
Let j(f) be the second derivative of f**5/20 - f**3/2 - f**2/2 - 6*f. What is the units digit of j(3)?
7
Let v(l) = -l**2 + l + 1. Let f be v(-2). Let w be (4/(-3))/((-23)/(-414)). Let s = f - w. What is the units digit of s?
9
Let o(d) = 3*d**2 + d - 2. Let u be o(2). Let l(w) = -3*w + 16. Let a be l(u). Let p = a - -30. What is the tens digit of p?
1
Suppose 4*f - 166 = -u, -2*f = -5*u - 3*f + 773. What is the tens digit of u?
5
What is the units digit of (3*14 + 0)/1?
2
Let j be 488/(-6) + 4/(-6). What is the tens digit of j/(-3) - 16/(-24)?
2
Let l(o) = 3*o**2 + 5*o + 9. Let m(w) = 2*w**2 + 4*w + 10. Let p(c) = -3*l(c) + 4*m(c). What is the units digit of p(0)?
3
What is the units digit of -1*(-108 - 5 - 5)?
8
Let c(m) = -1 + 1 - m**3 + 0 - 5 + m + 5*m**2. What is the tens digit of c(4)?
1
Let j(g) = -9*g**2 + 1. Let m be j(-1). Let i = m + 9. What is the units digit of i?
1
Let q(k) = -8*k**3 - 4*k**2 - 20*k - 32. Let a(d) = -3*d**3 - d**2 - 7*d - 11. Let w(t) = -11*a(t) + 4*q(t). What is the units digit of w(6)?
1
Suppose -i = m + i + 13, -3*m = -4*i - 1. Let t = 7 + m. Suppose -2*k + t = -0*k. What is the units digit of k?
1
Let k(i) be the second derivative of i**4/4 - 4*i**3/3 - 3*i**2/2 + 2*i. What is the units digit of k(5)?
2
Let g be ((-1240)/(-16))/(2/4). Suppose 7*t = 2*t + g. What is the units digit of t?
1
Suppose 6 = 2*n - 4*n + 2*g, 0 = -5*n - 2*g - 15. Let l be 5 + n - (-1 - 0). What is the units digit of (-1)/(l/3)*-6?
6
Suppose -4*g = 2*y - 14, -5*g - 5 + 24 = 3*y. Suppose 3*q - 6*q + y = 0. What is the units digit of -1 + 1 - q*-2?
2
Let x = -51 + 75. What is the tens digit of x?
2
Let u(a) = 155*a**2 + 1. Let t be u(-1). Suppose -5*c + k + t = 0, 3*c - 2*k + 10 = 98. What is the tens digit of c?
3
Let z(k) = k**3 - 7*k**2 - 7*k - 6. Let t be z(8). Suppose v + f - t = -3*f, -5*f = 5*v - 10. Suppose 0 = -j + v*j - 5. What is the units digit of j?
5
Suppose 9 - 89 = 5*i. Suppose -4*l - 35 = -r, 2*l + r + 17 = -8. Let g = l - i. What is the units digit of g?
6
What is the tens digit of 41/2 - 21/14?
1
Let t(s) = s**2 - 2*s + 5. Let d be t(4). Let h = 14 - d. What is the units digit of h?
1
Let j(q) = 9*q - 1. Let t be j(4). Suppose -5*w = -10*w + t. What is the units digit of w?
7
What is the units digit of 2/(-7) - (-32)/14?
2
Let j(k) = -k + 12. Let b(d) = 6*d - 2. Let p be b(2). What is the units digit of j(p)?
2
Let j = 6 + -6. Suppose j + 4 = -2*a. Let m = 15 - a. What is the tens digit of m?
1
Let q be (2*-1)/((-14)/35). Suppose -m = -q*m - 20. Let n = 6 + m. What is the units digit of n?
1
Let v be 1/(-6) - (-76)/24. Suppose f - v*c - 18 = -0*c, 5*c = 3*f - 46. What is the tens digit of f?
1
Let z = -37 - -26. Let s(r) = r**3 + 10*r**2 - 12*r - 1. What is the units digit of s(z)?
0
Let t be (-1 - (-3)/2)*8. Let q = t + 8. What is the tens digit of (-2)/8 + 159/q?
1
Let b = 140 - 76. What is the units digit of b?
4
Let z = -20 + 31. Suppose -z = -3*q + 3*h + 103, -3*h + 108 = 3*q. What is the units digit of q?
7
Let u(k) be the first derivative of 20*k**3/3 - 8. What is the units digit of u(1)?
0
Suppose 0 = 3*p - 4*p - 2*h + 20, -2*p + 3*h = -40. Suppose -6*j = -j - p. Suppose 2*q + 19 = 3*v, v - j*q = -0 